 272.
272
Calculate the highest common divisor of 175 and 88975.
25
What is the highest common divisor of 667544 and 8?
8
What is the greatest common divisor of 2160 and 11760?
240
What is the highest common divisor of 5228928 and 216?
216
Calculate the greatest common factor of 2246811 and 10185.
2037
What is the greatest common factor of 102899 and 43?
43
Calculate the greatest common divisor of 2312 and 115022.
578
Calculate the highest common factor of 383320 and 280.
280
What is the greatest common divisor of 2860 and 250780?
20
Calculate the highest common factor of 1310 and 50042.
262
Calculate the greatest common divisor of 299 and 12765.
23
Calculate the greatest common factor of 795 and 111565.
265
Calculate the greatest common factor of 61128 and 648.
216
Calculate the greatest common divisor of 179 and 398.
1
Calculate the greatest common factor of 63240 and 8959.
527
What is the highest common factor of 223328 and 3136?
224
What is the highest common divisor of 1353 and 1312?
41
Calculate the greatest common divisor of 39 and 1451151.
39
Calculate the highest common factor of 405 and 3916215.
135
What is the highest common divisor of 363 and 41140?
121
Calculate the greatest common factor of 2081 and 3385787.
2081
What is the greatest common factor of 21370 and 2590?
10
What is the greatest common factor of 414 and 4342722?
138
Calculate the highest common factor of 3675 and 13524.
147
What is the greatest common divisor of 776356 and 3029?
233
Calculate the greatest common factor of 119 and 48008.
17
What is the highest common factor of 498 and 308594?
166
Calculate the highest common divisor of 67 and 11658.
67
What is the greatest common factor of 15762 and 55500?
222
What is the greatest common divisor of 2755 and 440610?
95
Calculate the highest common divisor of 6030 and 4500.
90
What is the greatest common factor of 961 and 6944?
31
Calculate the greatest common divisor of 8 and 87910.
2
Calculate the highest common divisor of 464 and 35136.
16
What is the greatest common factor of 1617 and 69762?
231
Calculate the highest common factor of 3048 and 156.
12
Calculate the greatest common divisor of 880 and 19056.
16
Calculate the greatest common divisor of 18 and 264951.
9
Calculate the greatest common divisor of 14 and 46878.
2
Calculate the highest common divisor of 2184 and 39858.
546
What is the greatest common divisor of 3708 and 516?
12
What is the highest common divisor of 1940572 and 284?
284
Calculate the greatest common factor of 47276 and 6913.
223
Calculate the greatest common divisor of 1352540 and 10.
10
Calculate the highest common factor of 175548 and 60.
12
Calculate the highest common factor of 588 and 123284.
196
Calculate the highest common factor of 31655 and 156.
13
Calculate the highest common divisor of 1052973 and 118.
59
What is the greatest common factor of 6390 and 95140?
710
What is the highest common divisor of 58247 and 1484?
371
What is the highest common factor of 280 and 318500?
140
What is the greatest common factor of 328094 and 52?
26
Calculate the greatest common divisor of 2491 and 5452.
47
What is the greatest common factor of 3212 and 396?
44
What is the highest common factor of 71118 and 14310?
54
Calculate the highest common divisor of 5088 and 4992.
96
Calculate the greatest common factor of 201062 and 24503.
229
What is the greatest common divisor of 80 and 13860?
20
Calculate the greatest common factor of 48 and 277968.
48
Calculate the highest common divisor of 429000 and 228.
12
What is the greatest common factor of 1242 and 693?
9
What is the highest common factor of 113728 and 288?
32
Calculate the greatest common divisor of 374382 and 558.
18
What is the highest common divisor of 549340 and 11?
11
Calculate the greatest common divisor of 1518 and 363660.
66
Calculate the greatest common factor of 2183863 and 11.
11
Calculate the highest common divisor of 802587 and 408.
51
Calculate the greatest common divisor of 28 and 3114076.
28
What is the greatest common divisor of 44871 and 30?
3
Calculate the greatest common factor of 872965 and 230.
115
What is the highest common factor of 5 and 1145?
5
What is the greatest common divisor of 328041 and 882?
63
Calculate the highest common divisor of 202672 and 208.
16
What is the highest common factor of 1845 and 809135?
205
What is the highest common divisor of 632 and 61?
1
Calculate the highest common divisor of 1991 and 605.
11
Calculate the greatest common factor of 14768 and 112.
16
What is the greatest common divisor of 119760 and 240?
240
Calculate the highest common divisor of 2568 and 4006936.
856
What is the greatest common divisor of 9264 and 698274?
1158
What is the greatest common divisor of 16789075 and 106?
53
What is the highest common divisor of 73 and 3577?
73
What is the highest common factor of 924 and 12089?
77
What is the greatest common factor of 298 and 150341?
149
What is the greatest common divisor of 14379 and 81?
3
What is the greatest common factor of 431410 and 105?
35
Calculate the highest common divisor of 404 and 5.
1
Calculate the highest common factor of 16318 and 2747.
41
What is the highest common divisor of 64 and 232?
8
What is the greatest common factor of 5123851 and 17?
17
Calculate the greatest common factor of 8 and 419824.
8
What is the greatest common divisor of 364010 and 534?
178
Calculate the highest common divisor of 315742 and 266.
266
Calculate the highest common divisor of 173224 and 4012.
236
What is the highest common divisor of 5575 and 18050?
25
Calculate the greatest common divisor of 1113241 and 31.
31
Calculate the highest common factor of 44514 and 162.
18
Calculate the highest common divisor of 888 and 334036.
148
What is the greatest common divisor of 3995 and 1734?
17
What is the greatest common divisor of 176 and 18491?
11
What is the greatest common factor of 13 and 1194271?
13
What is the highest common factor of 455 and 55315?
65
Calculate the greatest common divisor of 243 and 8235.
27
What is the greatest common divisor of 1831310 and 10?
10
Calculate the greatest common factor of 5588687 and 13.
13
What is the highest common divisor of 1027 and 1391?
13
What is the highest common divisor of 30 and 1735815?
15
What is the highest common divisor of 5984 and 891?
11
Calculate the highest common divisor of 476907 and 213.
213
What is the highest common factor of 1426 and 21886?
62
What is the greatest common divisor of 13757 and 9?
1
What is the highest common divisor of 28480 and 10?
10
What is the greatest common factor of 87 and 2822686?
29
What is the greatest common factor of 216 and 20556?
36
Calculate the greatest common divisor of 282502 and 418.
22
Calculate the greatest common divisor of 6506 and 104.
2
Calculate the highest common divisor of 263887 and 9575.
383
What is the highest common factor of 406 and 3422?
58
What is the greatest common divisor of 46609 and 1468?
367
Calculate the highest common divisor of 149719 and 272.
17
What is the highest common factor of 4864 and 55296?
256
Calculate the highest common factor of 6766 and 124574.
398
Calculate the highest common divisor of 1225 and 16415.
245
What is the greatest common divisor of 1270152 and 138?
138
What is the highest common divisor of 10 and 333170?
10
Calculate the highest common divisor of 57729 and 21.
21
Calculate the greatest common divisor of 1584 and 172359.
99
What is the highest common divisor of 384 and 681984?
384
What is the highest common factor of 96 and 1356756?
12
Calculate the greatest common divisor of 3247 and 187.
17
What is the greatest common divisor of 65567 and 692?
173
Calculate the highest common factor of 1616 and 4498944.
1616
What is the highest common factor of 40368 and 288?
48
What is the greatest common divisor of 131588 and 804?
268
What is the greatest common divisor of 16315 and 351?
13
What is the greatest common factor of 61344 and 3195?
639
What is the greatest common divisor of 13 and 11141?
13
Calculate the greatest common divisor of 1544866 and 214.
214
What is the highest common factor of 45 and 3092031?
9
What is the highest common divisor of 2516 and 1887?
629
What is the greatest common divisor of 1225 and 18475?
25
What is the greatest comm